{"id":26,"date":"2020-02-23T22:02:09","date_gmt":"2020-02-23T22:02:09","guid":{"rendered":"http:\/\/www.aprilsoft.cz\/?page_id=26"},"modified":"2020-04-14T15:24:30","modified_gmt":"2020-04-14T14:24:30","slug":"reference","status":"publish","type":"page","link":"https:\/\/www.aprilsoft.cz\/?page_id=26","title":{"rendered":"Reference"},"content":{"rendered":"\n<p><strong>Petra W\u0171nschov\u00e1, Centrum LOCIKA, CEO<\/strong> &#8211; <em>&#8222;Martin is a great expert with hearts open to meaningful things. He does not hesitate to help where needed and his expertise has helped us with effective data and contact management in the LOCIKA center. We can only recommend cooperation with Martin!&#8220; <\/em><br><br><br><strong>Viktorie Tenzerov\u00e1, Microsoft,  Business Manager &#8211;<\/strong> <em>&#8222;Martin is well educated and highly motivated person with great overlap of both sales and technical knowledge. I personally admire his capability of setting long-term visions as well as step-by-step action plans. He is a very reliable person with persistant can-do attitude.&#8220;  <\/em><br><br><strong><br>Martin Mat\u011bj, 365 xRM Partners s.r.o., Owner &#8211; <\/strong><em>&#8222;I been please to cooperate with him as his friendly and team spirit bring into our team fun and enthusiasms. He have strong communication skills and ability to convince people around him.&#8220;<\/em><br><br><br>L<strong>inda Hurdov\u00e1, Nad\u00e1n\u00ed a dovednosti, CEO <\/strong>&#8211;  <em>&#8222;Martin helped our organization as a volunteer to create a CRM database, for which I thank him very much. He delivered everything at the agreed date and he keeps helping us with the expansion. He is very communicative, thorough, reliable, and thinking in a              broader context.&#8220; <\/em> <br><br><br><br><img loading=\"lazy\" width=\"1544\" height=\"835\" class=\"wp-image-91\" style=\"width: 900px;\" src=\"http:\/\/www.aprilsoft.cz\/wp-content\/uploads\/2020\/03\/allitems.png\" alt=\"\" srcset=\"https:\/\/www.aprilsoft.cz\/wp-content\/uploads\/2020\/03\/allitems.png 1544w, https:\/\/www.aprilsoft.cz\/wp-content\/uploads\/2020\/03\/allitems-300x162.png 300w, https:\/\/www.aprilsoft.cz\/wp-content\/uploads\/2020\/03\/allitems-1024x554.png 1024w, https:\/\/www.aprilsoft.cz\/wp-content\/uploads\/2020\/03\/allitems-768x415.png 768w, https:\/\/www.aprilsoft.cz\/wp-content\/uploads\/2020\/03\/allitems-1536x831.png 1536w, https:\/\/www.aprilsoft.cz\/wp-content\/uploads\/2020\/03\/allitems-1200x649.png 1200w\" sizes=\"(max-width: 709px) 85vw, (max-width: 909px) 67vw, (max-width: 1362px) 62vw, 840px\" \/><br><\/p>\n","protected":false},"excerpt":{"rendered":"<p>Petra W\u0171nschov\u00e1, Centrum LOCIKA, CEO &#8211; &#8222;Martin is a great expert with hearts open to meaningful things. He does not hesitate to help where needed and his expertise has helped us with effective data and contact management in the LOCIKA center. We can only recommend cooperation with Martin!&#8220; Viktorie Tenzerov\u00e1, Microsoft, Business Manager &#8211; &#8222;Martin &hellip; <a href=\"https:\/\/www.aprilsoft.cz\/?page_id=26\" class=\"more-link\">Pokra\u010dovat ve \u010dten\u00ed<span class=\"screen-reader-text\"> &#8222;Reference&#8220;<\/span><\/a><\/p>\n","protected":false},"author":1,"featured_media":0,"parent":0,"menu_order":0,"comment_status":"closed","ping_status":"closed","template":"","meta":[],"_links":{"self":[{"href":"https:\/\/www.aprilsoft.cz\/index.php?rest_route=\/wp\/v2\/pages\/26"}],"collection":[{"href":"https:\/\/www.aprilsoft.cz\/index.php?rest_route=\/wp\/v2\/pages"}],"about":[{"href":"https:\/\/www.aprilsoft.cz\/index.php?rest_route=\/wp\/v2\/types\/page"}],"author":[{"embeddable":true,"href":"https:\/\/www.aprilsoft.cz\/index.php?rest_route=\/wp\/v2\/users\/1"}],"replies":[{"embeddable":true,"href":"https:\/\/www.aprilsoft.cz\/index.php?rest_route=%2Fwp%2Fv2%2Fcomments&post=26"}],"version-history":[{"count":11,"href":"https:\/\/www.aprilsoft.cz\/index.php?rest_route=\/wp\/v2\/pages\/26\/revisions"}],"predecessor-version":[{"id":132,"href":"https:\/\/www.aprilsoft.cz\/index.php?rest_route=\/wp\/v2\/pages\/26\/revisions\/132"}],"wp:attachment":[{"href":"https:\/\/www.aprilsoft.cz\/index.php?rest_route=%2Fwp%2Fv2%2Fmedia&parent=26"}],"curies":[{"name":"wp","href":"https:\/\/api.w.org\/{rel}","templated":true}]}}